multiple of 7?
True
Is 19 a factor of 4351?
True
Does 17 divide 4114?
True
Is 273 a multiple of 13?
True
Is 3399 a multiple of 103?
True
Is 16320 a multiple of 60?
True
Is 47 a factor of 47?
True
Is 28254 a multiple of 16?
False
Does 81 divide 910?
False
Is 12980 a multiple of 20?
True
Is 180 a multiple of 15?
True
Does 15 divide 18343?
False
Does 12 divide 234?
False
Is 8040 a multiple of 24?
True
Does 202 divide 19509?
False
Is 4 a factor of 1640?
True
Is 524 a multiple of 161?
False
Is 2472 a multiple of 47?
False
Does 81 divide 1458?
True
Is 24 a factor of 32091?
False
Is 593 a multiple of 43?
False
Does 23 divide 1541?
True
Is 21 a factor of 49665?
True
Is 5278 a multiple of 58?
True
Is 9 a factor of 42594?
False
Does 90 divide 3240?
True
Is 1128 a multiple of 12?
True
Is 190 a multiple of 5?
True
Is 49962 a multiple of 33?
True
Is 93340 a multiple of 13?
True
Is 6921 a multiple of 9?
True
Is 57 a factor of 556?
False
Does 90 divide 4313?
False
Does 9 divide 7056?
True
Is 3 a factor of 209?
False
Does 13 divide 973?
False
Is 10 a factor of 5160?
True
Does 3 divide 8309?
False
Is 23663 a multiple of 3?
False
Is 19579 a multiple of 53?
False
Is 45 a factor of 16425?
True
Is 22618 a multiple of 3?
False
Is 516 a multiple of 12?
True
Is 17472 a multiple of 26?
True
Is 2295 a multiple of 45?
True
Is 106200 a multiple of 20?
True
Does 16 divide 40841?
False
Is 75 a factor of 12514?
False
Does 12 divide 259?
False
Is 38 a multiple of 29?
False
Is 1140 a multiple of 10?
True
Is 157 a factor of 61858?
True
Does 29 divide 2153?
False
Does 15 divide 375?
True
Is 63617 a multiple of 22?
False
Is 25 a factor of 275?
True
Is 22050 a multiple of 90?
True
Does 17 divide 47?
False
Does 14 divide 378?
True
Does 15 divide 7800?
True
Is 4347 a multiple of 69?
True
Is 27305 a multiple of 37?
False
Is 99 a factor of 4018?
False
Is 33329 a multiple of 11?
False
Is 311 a multiple of 28?
False
Is 179 a factor of 2545?
False
Is 1027 a multiple of 12?
False
Does 451 divide 96514?
True
Is 5 a factor of 42?
False
Does 104 divide 23504?
True
Does 3 divide 6?
True
Does 51 divide 701?
False
Is 22 a factor of 5616?
False
Is 57 a factor of 3249?
True
Does 132 divide 13728?
True
Does 23 divide 644?
True
Is 5317 a multiple of 46?
False
Is 100 a factor of 11792?
False
Is 48 a factor of 62?
False
Is 11171 a multiple of 81?
False
Is 13251 a multiple of 15?
False
Is 136 a factor of 4280?
False
Is 29 a factor of 4058?
False
Is 35 a factor of 130972?
False
Is 67 a multiple of 10?
False
Does 56 divide 10304?
True
Does 65 divide 38350?
True
Is 25 a factor of 52871?
False
Is 6061 a multiple of 29?
True
Is 12 a factor of 336?
True
Is 3042 a multiple of 26?
True
Does 8 divide 17099?
False
Is 4 a factor of 1096?
True
Is 118 a factor of 39641?
False
Does 16 divide 507?
False
Does 165 divide 17885?
False
Does 7 divide 1302?
True
Is 5 a factor of 65276?
False
Is 2180 a multiple of 10?
True
Is 113 a factor of 38190?
False
Does 22 divide 418?
True
Is 6 a factor of 144?
True
Is 13 a factor of 3376?
False
Does 28 divide 16828?
True
Is 113 a factor of 2147?
True
Is 17 a factor of 20350?
False
Is 96 a factor of 7200?
True
Is 29 a factor of 2174?
False
Does 3 divide 194?
False
Does 10 divide 900?
True
Is 2081 a multiple of 12?
False
Is 54829 a multiple of 121?
False
Is 996 a multiple of 13?
False
Does 5 divide 170?
True
Is 658 a multiple of 7?
True
Is 64 a multiple of 8?
True
Is 1170 a multiple of 39?
True
Is 1927 a multiple of 41?
True
Is 7 a factor of 17939?
False
Does 38 divide 7414?
False
Is 7 a factor of 14742?
True
Is 37 a factor of 1694?
False
Does 28 divide 6628?
False
Is 20 a factor of 828?
False
Is 324 a multiple of 6?
True
Is 716 a multiple of 8?
False
Is 19 a factor of 29203?
True
Is 58014 a multiple of 11?
True
Does 2 divide 55?
False
Does 24 divide 15000?
True
Is 893 a multiple of 47?
True
Does 2 divide 412?
True
Is 5502 a multiple of 9?
False
Does 2 divide 10?
True
Is 116 even?
True
Is 4063 a multiple of 17?
True
Is 5 a factor of 5197?
False
Is 137 a factor of 49670?
False
Is 560 a multiple of 4?
True
Is 73 a factor of 24817?
False
Is 4164 a multiple of 25?
False
Is 66971 a multiple of 157?
False
Is 29483 a multiple of 21?
False
Is 321 a multiple of 29?
False
Does 24 divide 19359?
False
Is 16 a factor of 752?
True
Is 16 a factor of 4224?
True
Is 1134 a multiple of 10?
False
Is 9970 a multiple of 28?
False
Does 9 divide 2079?
True
Is 3 a factor of 173?
False
Does 13 divide 3744?
True
Is 2 a factor of 4446?
True
Does 71 divide 1926?
False
Does 25 divide 3478?
False
Does 66 divide 3602?
False
Does 124 divide 3132?
False
Is 27 a factor of 53205?
False
Is 9 a factor of 288?
True
Is 64 a factor of 6080?
True
Does 40 divide 42280?
True
Is 7 a factor of 11312?
True
Is 77 a multiple of 6?
False
Is 10145 a multiple of 41?
False
Does 286 divide 64824?
False
Is 22 a factor of 484?
True
Is 32 a factor of 14144?
True
Does 8 divide 90?
False
Is 15 a factor of 90?
True
Does 28 divide 5981?
False
Is 7 a factor of 571?
False
Does 32 divide 10178?
False
Does 17 divide 374?
True
Is 9 a factor of 14283?
True
Is 773 a multiple of 7?
False
Does 12 divide 39408?
True
Is 377 a multiple of 13?
True
Is 833 a multiple of 7?
True
Is 960 a multiple of 48?
True
Is 4 a factor of 453?
False
Does 3 divide 5799?
True
Does 20 divide 820?
True
Is 462 a multiple of 14?
True
Does 23 divide 759?
True
Is 9845 a multiple of 5?
True
Is 84973 a multiple of 11?
False
Does 16 divide 4798?
False
Is 1452 a multiple of 22?
True
Is 4526 a multiple of 31?
True
Is 53 a factor of 11183?
True
Is 714 a multiple of 30?
False
Does 33 divide 1485?
True
Is 24840 a multiple of 40?
True
Is 47426 a multiple of 21?
False
Is 5478 a multiple of 11?
True
Is 100 a factor of 48774?
False
Is 12 a factor of 193?
False
Is 180 a multiple of 45?
True
Is 41 a factor of 84460?
True
Is 7 a factor of 1365?
True
Is 2147 a multiple of 10?
False
Is 1767 a multiple of 38?
False
Is 9 a factor of 167?
False
Is 21 a factor of 3410?
False
Is 374 a multiple of 29?
False
Is 1883 a multiple of 3?
False
Does 5 divide 3200?
True
Is 466 even?
True
Is 25140 a multiple of 6?
True
Is 45 a factor of 2025?
True
Is 146 a factor of 15915?
False
Does 6 divide 696?
True
Does 20 divide 94?
False
Is 7 a factor of 20384?
True
Is 918 a multiple of 34?
True
Does 11 divide 413?
False
Does 8 divide 1832?
True
Is 11 a factor of 1936?
True
Is 797 a multiple of 19?
False
Does 7 divide 287?
True
Is 1017 a multiple of 6?
False
Is 16941 a multiple of 49?
False
Does 17 divide 14120?
False
Does 27 divide 43713?
True
Is 5 a factor of 415?
True
Is 27398 a multiple of 38?
True
Does 5 divide 387?
False
Is 8 a factor of 21768?
True
Does 18 divide 2592?
True
Does 5 divide 2805?
True
Does 12 divide 860?
False
Does 30 divide 5263?
False
Is 22 a factor of 283?
False
Is 2192 a multiple of 95?
False
Does 3 divide 8673?
True
Is 4769 a multiple of 17?
False
Is 5363 a multiple of 37?
False
Is 19 a factor of 2641?
True
Is 17959 a multiple of 121?
False
Is 82 a factor of 21156?
True
Is 17 a factor of 118233?
False
Does 2 divide 1976?
True
Is 223 a factor of 12242?
False
Is 2912 a multiple of 56?
True
Does 15 divide 13170?
True
Is 13 a factor of 332?
False
Is 2962 a multiple of 38?
False
Does 15 divide 19346?
False
Is 34 a factor of 442?
True
Is 12 a factor of 2721?
False
Does 66 divide 33322?
False
Is 419 a multiple of 26?
False
Is 9 a factor of 35277?
False
Is 221 a factor of 57681?
True
Is 5852 a multiple of 209?
True
Is 36 a factor of 576?
True
Is 4012 a multiple of 34?
True
Does 30 divide 630?
True
Is 105 a multiple of 7?
True
Is 1863 a multiple of 23?
True
Is 20 a factor of 77?
False
Does 152 divide 456?
True
Is 11264 a multiple of 64?
True
Is 6210 a multiple of 103?
False
Is 96 a factor of 1073?
False
Is 4341 a multiple of 113?
False
Does 20 divide 2075?
False
Is 205 a factor of 39360?
True
Is 10 a factor of 120?
True
Is 17 a factor of 861?
False
Is 3879 a multiple of 14?
False
Is 13 a factor of 1751?
False
Does 26 divide 338?
True
Is 3 a factor of 951?
True
Does 115 divide 102502?
False
Is 1638 a multiple of 21?
True
Is 41990 a multiple of 139?
False
Does 6 divide 6626?
False
Is 31 a factor of 682?
True
Is 215 a multiple of 5?
True
Is 104 a factor of 22776?
True
Does 83 divide 1826?
True
Is 42 a f